nits digit of c?
9
Let l(f) = f**3 + 6*f**2 - 4*f - 2. Let z be l(-5). Let m = -20 + z. Suppose -9 + m = a. What is the tens digit of a?
1
Suppose x = -2*x - 9. Let m be ((-14)/(-8) + x)*4. What is the units digit of (-52)/m*30/12?
6
Let j = -118 + 65. Let b = 84 + j. What is the units digit of b?
1
Let r = 535 + -357. What is the hundreds digit of r?
1
Let a(i) be the second derivative of -i**3/6 + 16*i**2 - 47*i. What is the tens digit of a(-13)?
4
Let n = 12 + -21. Let z = n - -9. Suppose z*o = 5*o - 105. What is the tens digit of o?
2
Let p be (-2286)/(-90) + 2/(-5). Suppose 2*y + 12 = f, 3*f + 3*y + 8 = 2*f. What is the tens digit of (f - (-15)/(-5))*p?
2
Suppose 16 = -2*w - 6*w. What is the units digit of ((-45)/w)/(15/30)?
5
Let u be 1/(7/(-4) - -2). Let j(o) = -3*o**2 - 4*o**2 - 11 + 5*o**2 - u*o - 18*o. What is the tens digit of j(-9)?
2
Suppose -5*c + 0 = -20. Suppose -c*q + q = 3*v - 285, -v = 4*q - 110. What is the tens digit of (v/(-4))/((-12)/24)?
4
Suppose 5*p - 2*p = -588. Let x = p + 280. What is the units digit of x?
4
Suppose 5*i - 9 = 3*a, 3*i = -a - 2 - 1. Suppose i*v + 1645 = 7*v. What is the units digit of v?
5
Let a be (-52)/(-14) - (-4)/14. Suppose a*m = l - 53, -5 = -5*l + 5*m + 230. What is the tens digit of l?
4
Let k(f) = 3*f + 26. Let d be k(-7). Suppose -3*w - 5*q = -46, 3*q + 38 = 2*w - q. Suppose 0 = 3*h + d*b - w, 5*b = -14 - 11. What is the units digit of h?
4
What is the units digit of 3/2*(-3246)/(-9)?
1
Suppose 38 + 655 = 9*u. Let h = 6 + -33. Let w = h + u. What is the units digit of w?
0
Suppose 4*y - 2*o = 1046, 54*y + o + 785 = 57*y. What is the tens digit of y?
6
Let s(k) = k**3 + 11*k**2 - 28*k - 24. What is the tens digit of s(-10)?
5
Let r be (-5)/(-3)*6*1. Suppose 0 = 4*x - 3*u - 61 + r, -34 = -x + 5*u. What is the units digit of x?
9
Let z = 104 - -60. Suppose 4*v - 732 = z. What is the units digit of v?
4
Suppose -4*u + 6*m + 17 = 3*m, -5*m = -2*u + 5. Let g be (2 + (-8)/u)*10. Let x(y) = 2*y. What is the units digit of x(g)?
8
Let k(t) be the third derivative of t**4/6 - 7*t**3/6 - 21*t**2. What is the tens digit of k(10)?
3
Let v(w) = -w**2 + 14*w + 17. Suppose -5 = -c - g, -3 = g - 2*g. Suppose -12 = -q + c. What is the tens digit of v(q)?
1
What is the units digit of ((-38)/4 - -2)/((-6)/68)?
5
Suppose 4 = -4*r + 4*t, 3*t + 24 = -3*r + 3. What is the tens digit of r - 801/(-11) - (-4)/22?
6
Let p = 3381 + -1608. What is the tens digit of p?
7
Suppose -5*r = 5*y - 35, 3*r + 3*y - 9 = 4*y. Let i(m) = -r*m - 6 - 3 - m**2 - 7*m. What is the units digit of i(-10)?
1
Let x(d) = d - 1. Let q be x(0). Let v be 9*3/(4 + q). Let g(n) = n**3 - 9*n**2 + 6*n - 10. What is the tens digit of g(v)?
4
Suppose 3*b = 5*f - 3, 2 = -3*f + 5*b - 9. Suppose 4*a + 244 = f*o, -o - 3*o = -a - 308. What is the tens digit of o?
7
Let z(s) = -138*s - 40. What is the units digit of z(-26)?
8
Let v = 4035 + -1306. What is the hundreds digit of v?
7
Let m be (-2 - -11)/3 + 1. Suppose 0 = -10*c + m*c + 234. What is the units digit of c?
9
Suppose -4*w = w - 3*n + 198, w + 46 = -n. Let t = w - -98. What is the units digit of t?
6
Let j(p) = 2*p**3 + 5*p**2 - 2*p. Let c be j(-4). What is the units digit of ((-48)/c)/(0 - (-3)/220)?
8
Let x(t) = -t**3 + 20*t**2 - 32*t - 36. What is the units digit of x(16)?
6
Suppose 5*k + 8 + 47 = 0. Let d = k - -20. What is the units digit of d?
9
Let v(u) = -u**3 + 5*u**2 + u - 5. Let q be v(5). Suppose 4*t - 5*f - 136 = 137, q = 2*f + 10. Let d = t - 26. What is the tens digit of d?
3
Let d(i) = -i**3 + 7*i**2 + 4. Suppose -14 = -5*s + 11. Let x be d(s). Suppose -4*p = -x - 46. What is the units digit of p?
5
Suppose -5*b = -4*f + 1068, 218 + 310 = 2*f - 4*b. What is the hundreds digit of f?
2
Let a = 3631 + -2573. What is the thousands digit of a?
1
Let f(x) be the second derivative of x**5/10 - x**4/12 + x**2/2 + x. Let w be f(1). What is the tens digit of 1/2 - (-31)/w?
1
Suppose 2*o = -0*o + 22. Let n(q) = 3*q - 5 - 5*q**3 + q**3 + 3 + 5*q**3 - 11*q**2. What is the units digit of n(o)?
1
Let a(u) = u**3 - 5*u**2 + 3*u - 10. Suppose -3*l - 4*y = -26, -6*y + 3*y = l - 12. What is the units digit of a(l)?
4
Let o = -1017 - -1938. What is the tens digit of o?
2
Let h = 271 - 96. What is the tens digit of h?
7
Suppose 8*p + 2544 = 8856. What is the units digit of p?
9
Suppose -36*p + 9926 + 2494 = 0. What is the units digit of p?
5
Suppose 0 = -5*g + 4*f - 796, 4*g - 5*f + 191 + 444 = 0. Let j = g + 235. What is the tens digit of j?
7
Let q(h) = -h**2 + 22*h + 37. Let f be -6*((-210)/12)/5. What is the units digit of q(f)?
8
Let w(r) be the third derivative of r**6/120 + r**5/4 + 7*r**4/24 + 22*r**3/3 + 30*r**2. What is the hundreds digit of w(-14)?
1
Let f be (-18)/81 - (-2)/9 - 12. What is the tens digit of 6/(-4)*184/f?
2
Suppose 0 = -5*j + 3*f - 1, 0 = -j + 4*j + 4*f + 18. What is the units digit of -110*(8/j)/8?
5
Suppose 9*z - 12*z = 189. Let p = 116 + z. What is the units digit of p?
3
Let m(c) = 5*c**2 - 2*c - 3. Let g(b) = -b - 1. Let r be g(-5). Suppose r*o + 8 = -0*o. What is the units digit of m(o)?
1
Let k(w) = w + w + w + 1. Let r be k(1). Suppose -3*b + 176 = r*v, -2*b + 131 = 2*v + 41. What is the units digit of v?
1
Let t = -3090 - -5435. What is the hundreds digit of t?
3
Let m(f) = -2*f. Let w be m(-4). Suppose -n + 4*t = -0*t - 1, 0 = 4*t + w. What is the units digit of (-3)/(-21) + (-356)/n?
1
Let t(m) be the second derivative of -3/2*m**3 + m + 0*m**2 + 0. What is the tens digit of t(-2)?
1
Let q(c) = 25*c**2 - 26*c - 2. What is the tens digit of q(-5)?
5
Suppose 3*c - z = 588, 2*c + 0*z - 393 = z. Suppose 5*g - c = -3*t, 2*g - t + 113 = 5*g. What is the tens digit of g?
3
Let o(q) = 4*q**2 + 3*q - 13. Suppose -2*n + h - 20 = n, -4*n - h = 22. What is the hundreds digit of o(n)?
1
Let v = 147 + -87. Suppose -5*g - 22 = b, 4*b + 8*g = 7*g + 7. Suppose -b*l = -6*l + v. What is the units digit of l?
0
Let a be (-18)/45*15/(-6)*2. Suppose -2*h = 4*k - 224, -4*h - k = a*k - 428. What is the tens digit of h?
0
Suppose -79 = -k + 4. Suppose -46 = -3*p - 3*d + k, 136 = 3*p - 4*d. What is the tens digit of p?
4
Suppose 0 = -4*t - d + 38 + 14, 3*t - 58 = 4*d. Suppose -10*o - 288 = -t*o. What is the tens digit of o?
7
Let a(y) = -y**2 + 63*y - 80. What is the units digit of a(43)?
0
Let b = -11 + 17. What is the tens digit of b/(-18)*(-333)/3?
3
Let i(g) be the second derivative of -g**5/20 - g**3/6 + 29*g**2 + g. What is the units digit of i(0)?
8
Let p be 5/(-5)*0*1. Suppose -11*c - 20 + 97 = p. What is the units digit of c?
7
Let i(y) = y**2 - 6*y - 20. Let d be i(-8). Let l = d - 45. What is the tens digit of l?
4
Let w be 175/5 + 3/1. Suppose d + 132 = -4*n - 3*d, 2*n - 5*d + w = 0. Let k = n + 38. What is the units digit of k?
9
What is the units digit of (1145/(-4) + -3)/((-8)/32)?
7
Let f(s) = 5*s - 11 - 3*s - s + 11*s**2 + 10. What is the tens digit of f(3)?
0
Suppose l - 4945 = -5*k - 2*l, 2*k - 1994 = 2*l. What is the tens digit of k?
9
Let k = -815 + 1603. What is the units digit of k?
8
What is the units digit of (4/(-40)*-5)/((-4)/(-39208))?
1
Let q be (-1)/(-2 + (-12)/(-8)). Suppose -1 = v - 4. Suppose 0 = -q*c - v*y + 32, -4*c + 104 = -3*y - y. What is the tens digit of c?
2
Suppose 0 = -2*j - i + 13 - 6, 5*j - 10 = -4*i. Suppose 0 = 5*b + 5, b = 3*y + j*b - 232. What is the tens digit of y?
7
Let f be 0*(-1 + 3/2). Let y(q) = 2*q + 26. Let d be y(10). Suppose f = o + o - d. What is the tens digit of o?
2
Let r(d) = 17*d + 47. What is the hundreds digit of r(6)?
1
Suppose -2*g + 22 = 2*g - 2*b, 3*b = -3. Suppose -3*o - 73 = -4*v + 528, 0 = -2*v - g*o + 333. What is the hundreds digit of v?
1
Suppose -3*z - 12 = 0, -2 = -3*s - 3*z + 2*z. What is the units digit of (1 - -1)/s*(202 - 14)?
8
Let g(w) be the first derivative of 57*w**2/2 - 4*w + 15. What is the tens digit of g(2)?
1
Let s(j) = j**2 - 6*j + 9. Let b be s(4). Let f(y) = 73*y**2 - 1. Let a be f(b). Let l = a + -29. What is the tens digit of l?
4
Let f(x) be the first derivative of x**3/3 + 8*x**2 - 5*x - 5. What is the tens digit of f(-17)?
1
Let i(k) = 3*k**3 + 2*k**2 + k - 2. Let u be i(1). Suppose -2*b + 12 = -u*h, -4*b = -3*h - 2*h - 18. What is the units digit of b?
2
Let u be 4 + (-4 - -8) + -8